 is divided by u(2)?
32
Suppose -238 = -1319*r + 1318*r. Suppose 0 = 3*i - 4*n - 170, 15*n - 288 = -5*i + 17*n. What is the remainder when r is divided by i?
6
Let v = -3459 + 3612. What is the remainder when 686 is divided by v?
74
Suppose -2*o = 3*o - 65. Calculate the remainder when 214*(26 + -29)/(-6 + 0) is divided by o.
3
Suppose -15 = -13*m + 18*m. Let b(o) be the first derivative of 2*o**3/3 + o**2 - o + 2. What is the remainder when 29 is divided by b(m)?
7
Let k(u) = -u**3 + 145*u**2 + 2*u + 619. Calculate the remainder when k(145) is divided by 16.
13
Let o(m) = m + 4. Let b be o(16). Suppose 0 = b*j - 19*j - 104. What is the remainder when j is divided by 35?
34
Suppose -4*y + 5*z = -205, 4*y + 2*z - 203 = 5*z. Let o = 557 + -360. What is the remainder when o is divided by y?
47
Suppose -8588 = -41*y + 22*y. Let l = -389 + y. Calculate the remainder when l is divided by 11.
8
Let s(k) = 17*k - 5. Calculate the remainder when s(5) is divided by 2*-1*(1 + 13 + 10486/(-428)).
17
Suppose 4*l + 2*g - 296 = 0, 99*l = 101*l - 5*g - 184. Calculate the remainder when 1533 is divided by l.
70
Let a = -2568 - -2585. What is the remainder when 1342 is divided by a?
16
Let l be (1 + -2)/(32823/4102 - 8). Let d = -534 - l. Suppose 0*s = 4*s - 56. What is the remainder when d is divided by s?
10
Let r(l) = -41*l - 390. What is the remainder when r(-14) is divided by 24?
16
Let m(t) = -110*t - 54. What is the remainder when m(-15) is divided by 84?
0
Let v(m) = 10*m - 40. Let z(k) = 3*k**2 + 2*k + 1. Let t be z(2). Let o be v(t). Calculate the remainder when (-13)/(o/(-516)) + (-4)/(-10) is divided by 9.
7
Suppose -5*a + 1 = -4, 0 = 4*g + 7*a - 59. Calculate the remainder when 57 is divided by g.
5
Let v(s) = -41*s - 1381. Calculate the remainder when v(-42) is divided by 181.
160
Suppose 5*k + o = 3159, -51*k + 1889 = -48*k - o. Calculate the remainder when k is divided by 281.
69
Suppose 4*x - 2*x + 9 = 3*y, 3*y - 15 = 0. Let k = 48 + -45. Calculate the remainder when k is divided by x.
0
Let d = 26 + -21. Suppose v + 8 = 5*r - 7, d*r + 3*v = 15. Suppose -r*u = 3*a + u - 63, 4*a + 2*u = 74. What is the remainder when 46 is divided by a?
12
Let m = 148 + -122. Suppose 30*b = m*b. Suppose b = -k - 11 + 12. Calculate the remainder when 1 is divided by k.
0
Let p(b) = -48*b + 18. Let d be p(-20). Let q = 1006 - d. What is the remainder when 53 is divided by q?
25
Let z = -92 - -96. What is the remainder when 33 is divided by 0/1 - (-52)/z?
7
Let o = 107 - 66. Let v = o - -40. What is the remainder when v is divided by 21?
18
Calculate the remainder when 13013 is divided by ((-12)/18)/(1/(-28)) - 9/(-27).
17
Suppose 0 = 3*n - 4611*p + 4609*p - 28, -4*n + 3*p = -38. Suppose 0 = -5*z - 3*a + 277, z + 0*a = 4*a + 37. Calculate the remainder when z is divided by n.
5
Suppose 6*o + 54*o - 9949 = 11231. Let u be 4*2/(-2)*59. Let g = u + o. Calculate the remainder when g is divided by 17.
15
Let f(m) = m**2 - 5*m - 57. What is the remainder when 267 is divided by f(-9)?
60
Let h be 135/10 - 2/4. Let b be 36 - 2/((-2)/(-11)). Suppose 14*m = h*m + b. Calculate the remainder when m is divided by 13.
12
Let l = -10597 + 11005. Calculate the remainder when l is divided by 350.
58
Suppose 79*b - 450 = 5032 + 2102. Calculate the remainder when 2782 is divided by b.
94
Let n(b) = -80*b - 189. Calculate the remainder when n(-3) is divided by 10.
1
Calculate the remainder when 523 + 10/(-2)*(2 - 1) is divided by 146.
80
Let k(b) = 2*b - 44. Let f be k(13). Suppose 0*h = 4*v - 5*h - 26, 4*v + 5*h = 6. What is the remainder when (24/f - -6)/(1/3) is divided by v?
2
Let v(h) = h + 4. Let g be (-1 + 2)/((-8)/(-16)) - -3. Let b be (-34)/(3 - g) - 4. Calculate the remainder when 50 is divided by v(b).
16
Let o = -871 + 874. Suppose o*r + 2*f = 60, -3*r - 18*f + 21*f = -60. What is the remainder when 275 is divided by r?
15
Let m(h) = -5*h + 7. Suppose -7*b + 46 + 17 = 0. What is the remainder when m(-5) is divided by 3/b - (-150)/9?
15
Let b = -3383 - -3385. Suppose -v - 2*v + 156 = 0. Calculate the remainder when v is divided by b.
0
What is the remainder when 44/(-33)*5271/(-14) is divided by 212?
78
Suppose 510*n = 219*n + 2066973. What is the remainder when n is divided by 245?
243
Let o be (106/(-7))/((-20)/70). Suppose 122 = 5*t - o. Calculate the remainder when 207 is divided by t.
32
Let n(y) = 1. Let h(a) = -7*a + 4. Let x(u) = -h(u) + 5*n(u). Let c = 289 - 283. Calculate the remainder when x(3) is divided by c.
4
Let l be ((-68)/(-17))/(-1 - 1). Let y(p) = -16*p**3 + 2*p**2 + 3*p + 2. Calculate the remainder when y(l) is divided by 41.
9
Let p = -144 + 206. Suppose 27 = -g + 2*g - 3*n, 2*g - 4*n - p = 0. Calculate the remainder when g is divided by 14.
11
Suppose 88 = 3*d + 5*k, -24*k + 19*k = -5*d + 160. Calculate the remainder when 1175 is divided by d.
28
Let k be (8/(-6))/((-136)/510). Suppose -a + 30 = 7*p - 2*p, -k*a + 4*p + 237 = 0. Calculate the remainder when 494 is divided by a.
44
Suppose -5*q = 6*q - 341. Let g be ((-2)/4)/((-12)/120). Suppose 0 = -g*o - 0*o + 55. What is the remainder when q is divided by o?
9
Let j = -1419 + 1476. What is the remainder when 98 is divided by j?
41
Suppose 0 = 4*h - 5*o - 118, -o + 596 = 22*h - 2*o. Calculate the remainder when 10203 is divided by h.
24
Let u(b) = 58*b**2 + 105*b + 35. Suppose 3*y + 467 = d - 45, 0 = 3*d - 4*y - 1536. Calculate the remainder when d is divided by u(-2).
56
Suppose -135 = -5*z - 0*z. Let g be 53408/(-44) - (-10)/(-55). Calculate the remainder when 4*((-4)/18 - g/36) is divided by z.
26
Let f be (-2 - 0) + 1*(3 - -195). Suppose f = 25*t - 354. What is the remainder when 504 is divided by t?
20
Let a = 3 + 39. Let f(y) = -7*y - 41. Let z = 75 - 83. What is the remainder when a is divided by f(z)?
12
Let k = -346400 + 346409. Let y = 152 + -92. Calculate the remainder when y is divided by k.
6
Suppose -261090 - 1775560 = -275*a. What is the remainder when a is divided by 130?
126
Suppose -12*l = -30700 - 5324. Suppose 11*j - 8304 + l = 0. Calculate the remainder when j is divided by 23.
22
Let w = 37 - 30. Suppose -42 = 13*o + o. Calculate the remainder when 25 - o - (-5 - -2) is divided by w.
3
What is the remainder when (-7)/((-63)/144)*454 is divided by 173?
171
Let p(a) = 2*a**3 - 2*a**2 + a - 4. Let u be p(3). Let c = u + 259. Calculate the remainder when (c/(-12))/(9/6 + -2) is divided by 18.
13
Suppose 39*b - 21 = 38*b. What is the remainder when 125 is divided by b?
20
Let g be (-9)/2 + 2/(-4). Let b(f) = -2*f - 2. Calculate the remainder when 572/39*33/22 is divided by b(g).
6
Suppose -75*m + 1300 = -15*m + 5*m. What is the remainder when 31 is divided by m?
11
Suppose 4*o = 13 + 11, 5*h - 2*o - 2908 = 0. What is the remainder when h is divided by 75?
59
Suppose -10*s = -6*s. Suppose -3*r - 4*r + 21 = s. Suppose -6*h + 10*h - 2*z - 54 = 0, -r*z = 4*h - 39. What is the remainder when 33 is divided by h?
9
Suppose 3*r + 81 = 6*r. Suppose -28*l = -32*l + 26 + 10. Calculate the remainder when r is divided by l.
0
Suppose -54*y + 51*y = -21. Let f = -94 + 138. Let s = f - y. What is the remainder when s is divided by 8?
5
Let v = -240 - 416. Calculate the remainder when 149 is divided by v/(-14) - (252/(-49))/(-6).
11
Let x = 8159 - 8141. What is the remainder when 43 is divided by x?
7
Let y(l) = -l**3 - 11*l**2 - 3*l - 16. Let p = -86 - -75. Suppose -38*z - 45 = -43*z. What is the remainder when y(p) is divided by z?
8
Let c(r) = -r - 10. Let q be c(-13). Suppose l + 4*a = q*l - 120, 0 = -4*l + 3*a + 245. Calculate the remainder when 116 is divided by l.
54
Calculate the remainder when 48 is divided by (55 - 1)*(-4 - 54/(-12)).
21
Suppose -6*r - u + 49 = -4*r, 5*u = -5. Let g = r + -17. Suppose 40 = 5*p - 0*p - 2*k, 0 = p - 4*k - g. What is the remainder when 38 is divided by p?
6
What is the remainder when 394 is divided by (-3501)/(-27) + 4/(-6) + (-9 - -9)?
7
Let l = 25546 + -24948. Let f(z) = z**3 + 2*z**2 - 2*z + 1. What is the remainder when l is divided by f(3)?
38
Let w(a) = 27*a - 1420. Calculate the remainder when 296 is divided by w(53).
10
What is the remainder when (-75)/((-2)/(-36)*-6) is divided by (4 - (-210)/(-5))/(-2)?
16
Suppose -186 = -4*q - 3*j, 4*q = -j + 5